e number?
False
Let u = -189 + 387. Suppose 4*k + u = 2*b - 316, 2*b - 502 = -2*k. Is b a composite number?
True
Let v(j) be the first derivative of 10*j**3/3 + 15*j**2/2 + 19*j - 13. Is v(-10) a prime number?
False
Suppose -5*q + 5*p = -q - 95913, -4*p = 2*q - 47950. Is q prime?
True
Let a = 12774 + -5737. Is a a prime number?
False
Suppose 5*w = 0, -3*m + 0*m + 1947 = 4*w. Is -14 + m - (-4)/(-1) a prime number?
True
Let x(d) = -135*d + 1. Let f(h) = -h**2 + 7*h + 13. Let y be f(9). Let o be (-14)/35 + 18/y. Is x(o) prime?
True
Let f = 23 - 8. Is (f + -14)*(89 + 0) prime?
True
Let h = -1511 + 2298. Is h prime?
True
Let y(i) be the third derivative of -i**5/60 + i**4/8 + i**3/3 - i**2. Let r be y(3). Suppose -r*c = -7*c + 35. Is c a composite number?
False
Let k be (-30)/(-8) + 27/(-36). Suppose -4*q = -k*q - 2. Is (114/(-8) - q)*-4 prime?
False
Suppose 0 = 6*y - 6364 - 4298. Is y a composite number?
False
Suppose 14*t = 10068 + 20172. Let h = t + -1009. Is h prime?
True
Let q(m) = -59*m**3 - 8*m**2 - 108*m - 34. Is q(-7) a prime number?
False
Suppose -5*f - 23 = o, -3*o + 0 = 2*f + 17. Let l(r) = 35*r**2 - 6*r - 6. Is l(o) prime?
False
Let d = -6885 + 11606. Is d a prime number?
True
Let q be 3/(-3) - (0 + 74). Let c = 495 + q. Let w = -209 + c. Is w composite?
False
Let x(z) = z**3 - 10*z**2 + 9*z - 11. Let y be x(9). Let h(o) = -o**3 - 11*o**2 - 9*o - 12. Let b be h(y). Is 7/(177/b - 2) a prime number?
False
Let m = 77584 + -51791. Is m a prime number?
True
Let k = 53 + 7. Let o(q) = -q**2 + q + 5. Let r be o(-6). Let i = k + r. Is i prime?
True
Suppose -2159 = 5*a - s, -694 + 259 = a + 3*s. Let y be (27/36)/((-2)/a). Suppose 0 = 3*h - 2 - 1, -w + y = h. Is w composite?
True
Suppose 0 = -2*q - 3*l - 7 - 1, -3*q + 5 = -4*l. Let m be -1 + 1/(q/164). Is (m/9)/((-3)/9) composite?
True
Let n(h) = h**2 + 12*h - 91. Is n(-30) a prime number?
True
Let h(u) = 165*u. Let d be h(1). Let m = 33 + -21. Is 4/16 + d/m a prime number?
False
Let r(v) be the second derivative of -80*v**3/3 + v**2/2 + 8*v. Is r(-1) composite?
True
Let p be (-3)/(-3)*(-9)/(-1). Suppose 2*v + 3 + p = 0. Is v/(-21) + 682/14 prime?
False
Is (-5 - -9) + 3124 - 1 a composite number?
True
Let k(n) = 259 - n + 4*n**2 + 3*n**2 - 8*n**2. Is k(0) composite?
True
Let r(u) = -u - 6. Let p(n) = 5*n + 4. Let x(v) = 3*p(v) + 4*r(v). Let a be 2/(-8) + 58/8. Is x(a) a composite number?
True
Suppose -5*f = 6*t - 5*t - 8753, 0 = f + 3*t - 1745. Is f prime?
False
Let u be (444/9)/(4/6). Suppose 211 + u = 5*s. Is s prime?
False
Suppose 0 = -3*p + 5*u - 45, -4*p + 38 = 4*u + 130. Let d be 3/(2/(-132)*-2). Let v = d + p. Is v prime?
True
Suppose -2*o + 391 - 1393 = 0. Let r = 2194 + o. Is r prime?
True
Let w(t) = 2*t + 22. Let h be w(-9). Suppose 1780 = 4*r + 4*d, -h*d - 1547 = -4*r + 233. Is r a prime number?
False
Let l(u) = -u**2 - 5*u. Let r be l(-4). Suppose -y + 4*a + 18 - 4 = 0, -4*a - 44 = r*y. Is 148 + (-1)/(-2)*y a prime number?
False
Let i(y) = 43*y**2 + 14*y + 2. Let b be i(3). Let h = -180 + b. Is h a composite number?
False
Let w(h) = -h**3 - 18*h**2 - 2*h - 33. Is w(-20) a composite number?
True
Let f = 1709 + -3902. Let h = f - -3813. Let w = h - 1141. Is w a composite number?
False
Is 42689/(-11*(-4)/44) a prime number?
True
Suppose -4*b = 4*g - 37168, 0*g + 18569 = 2*b - g. Is b a prime number?
False
Suppose 0 = -6*b + 16919 - 917. Suppose -5*n + b = 4*w, -3*w - 4*n + 3*n = -2014. Is w a composite number?
False
Let m(g) = -g**3 - 4*g**2 - 15*g + 1. Is m(-9) composite?
False
Let j be (-1)/3 + (-24793)/(-3). Let b be (j/(-16))/(1/2). Is 12/54 + b/(-9) prime?
False
Suppose 11*s + 2 = 12*s. Let i be (-2 + (-43)/2)*s. Let k = 116 - i. Is k composite?
False
Suppose 5*w = -4*a - 144, 0 = -0*w + 2*w. Let i = a - -65. Let f = 67 - i. Is f composite?
True
Suppose -7975 - 4173 = -2*h. Is h prime?
False
Is (-2 - -1)/((-7)/34181) prime?
False
Let o = 95 + -86. Suppose -3*a + 8717 = 3*i + 971, -o = -3*i. Is a a prime number?
True
Let y be (-1)/2 - (-169)/26. Suppose -y*l + 2*l + 28 = -2*g, -l - 2*g = 3. Suppose -l*c = 46 - 171. Is c composite?
True
Suppose r - 31749 = -0*m - 3*m, 0 = -r. Let d = 15688 - m. Is d a composite number?
True
Let l(j) be the third derivative of 23*j**4/8 - 8*j**3/3 - 7*j**2. Is l(17) prime?
False
Suppose -8 = -3*i - 4*d, -3*i + 2*i - 3*d + 6 = 0. Let t = i - -37. Is t a prime number?
True
Is ((-4)/10)/((-12)/172570)*3 a prime number?
True
Suppose 0 = 24*j - 63382 + 1006. Is j composite?
True
Let i(c) = 13*c**2 - 13*c - 15. Suppose 0*v + 5*v - 25 = 0. Let t(b) = 6*b**2 - 6*b - 7. Let w(z) = v*t(z) - 2*i(z). Is w(6) a prime number?
False
Suppose -3*j - n = -7, -5*j + 0 = 2*n - 10. Let k(f) be the second derivative of f**5/20 - f**3/3 + 3*f**2/2 + 3*f. Is k(j) a prime number?
True
Let k be (-40973)/(-11) - 6/(-33). Suppose 0*f = -5*f + k. Suppose -4*i - 4*q = -760, 4*i = 8*i + q - f. Is i composite?
True
Let w = 7575 + 2356. Is w composite?
False
Let p be 1/(-9)*3 - (-16)/(-6). Is ((-317)/p + -1)/(27/81) a composite number?
True
Suppose 3*b = -m - 12, 3*m - b - b - 19 = 0. Let o = 1481 + -688. Suppose -1046 = -4*h + 3*s, -s = m*h + s - o. Is h composite?
False
Let c = 32824 - 20575. Suppose -3*u = 6*u - c. Is u a composite number?
False
Let u(r) = 5*r**3 + 47*r**2 + 72*r - 23. Let s(c) = -c**3 - 12*c**2 - 18*c + 6. Let m(z) = -9*s(z) - 2*u(z). Is m(-9) a prime number?
True
Let v = -14 + 24. Suppose t + 3*m = -2*t + 21, -4*m + v = -2*t. Suppose 3*k + u - 3*u - 2077 = 0, 2072 = t*k - u. Is k a composite number?
True
Suppose -15 = -5*y + 10. Let t = y + 9. Is t a composite number?
True
Let f(q) = 103*q + 17. Is f(20) a prime number?
False
Suppose -12 = 3*n - 6*n. Suppose -5*j + 3*v + 967 = 0, -4*v - 379 - 401 = -n*j. Suppose y + 3*y + j = o, -y - 606 = -3*o. Is o composite?
True
Let a be 0/((-3)/6*2). Let f be -9*(1 - (a + 2)). Let r = 40 - f. Is r composite?
False
Let m = -1930 - -1214. Let r = 161 - m. Is r a composite number?
False
Suppose 8*i - 3*i - 10 = 0. Suppose 0 = -i*w + 3*w + 2*v + 6, -2*w = -5*v - 6. Is (31/w)/(11/(-22)) prime?
True
Suppose 2 + 38 = -2*q. Let l = -16 - q. Let o(u) = 49*u + 5. Is o(l) a composite number?
True
Let r(u) = u**3 - 16*u**2 - 16*u - 13. Let l be r(17). Suppose -i + 0*c = -5*c - 1806, 0 = 4*c + l. Is i composite?
False
Let u = 171415 - 101204. Is u prime?
False
Suppose 5*b + 4680 = 2*u + 32217, -4*b + 5*u = -22033. Is b composite?
False
Let c(s) = 41*s**2 - 15*s + 107. Is c(16) a prime number?
False
Suppose -g = -u + 5*u - 2535, -g - 3*u + 2534 = 0. Is g a prime number?
True
Let p = -20 - -25. Suppose 5*v + 3*u = 290, -p*v = 4*u - 296 + 1. Is v prime?
False
Suppose -x + 2*i - 9587 = -68010, i = -3*x + 175269. Is x a composite number?
True
Let a = -68 - -65. Is a/(6/2)*1 - -302 prime?
False
Let j(k) = 41*k - 4. Let h be j(2). Suppose -3*w + h = -w. Is w prime?
False
Let n be (0 + 0)/(-2 + 6). Suppose 8 = 3*k - k, n = 3*f - k + 595. Let c = -34 - f. Is c a prime number?
True
Suppose -3*i + 2*v - 22 = 0, i + 5*v - 4 = -0*i. Suppose 2*n + 5*s = -2*n + 342, -5*n - 4*s = -423. Let l = n + i. Is l prime?
False
Suppose 4*m - 10 = -m. Suppose -m*t + t + 9 = v, t + 11 = 3*v. Suppose 684 = v*i + 94. Is i a prime number?
False
Let w(o) be the first derivative of 11*o**6/20 - o**5/120 + o**4/8 + 11*o**3/3 - 4. Let m(h) be the third derivative of w(h). Is m(-2) composite?
False
Let u = -10493 - -16882. Is u a prime number?
True
Let m be (-1)/(3 - (-52)/(-16)). Suppose -m*w - w + 762 = 2*g, g - w = 367. Is g a prime number?
False
Let v(s) = -s - 11. Let z be v(-8). Let t be z - (2 + (-36)/4). Suppose -p + 745 = t*p. Is p a prime number?
True
Suppose 4*k + 2993 = 5*k - 3*a, -4*a + 6006 = 2*k. Is k composite?
False
Let o(n) = n**2 + 8*n - 39. Let f be o(11). Let u = 4 - 2. Suppose 229 = 3*x + 2*g, 2*x - u*g - g = f. Is x prime?
True
Let p = 1 - 1. Suppose g - 5*m - 26 = 4, g + 4*m + 15 = p. Suppose -3*u + 2*d = -400 + 143, -g*u + 420 = -5*d. Is u a prime number?
True
Let c = -179 + 104. Let k = 124 + c. Is k a prime number?
False
Let g(t) = 806*t + 284. Is g(9) prime?
False
Let y be 2/(16/(-20))*-2. Suppose 7 = y*v - 3. Is 4/v - (-1952 - -5) composite?
False
Suppose 8*f - 3*f + 4*j + 9152 = 0, -4*f - 7297 = -5*j. Let r = 717 - f. Is r a composite nu